he prime factors of 211782284.
2, 7, 19, 398087
List the prime factors of 2366506362.
2, 3, 11, 4139, 8663
What are the prime factors of 86677412?
2, 21669353
List the prime factors of 44422352.
2, 13, 41, 5209
List the prime factors of 45940465.
5, 89, 103237
What are the prime factors of 174025712?
2, 7, 19, 53, 1543
List the prime factors of 77822009.
77822009
List the prime factors of 120206693.
89, 563, 2399
List the prime factors of 793850503.
37, 71, 302189
What are the prime factors of 1751166182?
2, 875583091
What are the prime factors of 520262205?
3, 5, 233, 148859
What are the prime factors of 1854337636?
2, 463584409
What are the prime factors of 209441814?
2, 3, 179, 191, 1021
List the prime factors of 100940122.
2, 19, 2656319
List the prime factors of 131065814.
2, 11, 1069, 5573
List the prime factors of 1936620623.
7, 31, 8924519
What are the prime factors of 74381842?
2, 251, 148171
What are the prime factors of 44738559?
3, 19, 61, 4289
List the prime factors of 158590454.
2, 11, 19, 461, 823
List the prime factors of 234945000.
2, 3, 5, 23, 227
What are the prime factors of 80745321?
3, 26915107
List the prime factors of 87627716.
2, 11, 109, 151
What are the prime factors of 304190408?
2, 61, 623341
What are the prime factors of 8006094114?
2, 3, 37, 67, 211, 2551
What are the prime factors of 709768994?
2, 11, 31, 1040717
List the prime factors of 24068685.
3, 5, 17, 37, 2551
List the prime factors of 61227693.
3, 17, 139, 2879
What are the prime factors of 1013239248?
2, 3, 7, 430799
What are the prime factors of 802272550?
2, 5, 16045451
List the prime factors of 302721277.
157, 1928161
What are the prime factors of 195858084?
2, 3, 16321507
What are the prime factors of 121870246?
2, 17, 3584419
List the prime factors of 1209219324.
2, 3, 127, 317, 2503
What are the prime factors of 1312460092?
2, 328115023
What are the prime factors of 1363960889?
9173, 148693
What are the prime factors of 2208048226?
2, 29, 38069797
What are the prime factors of 1777920320?
2, 5, 11, 505091
What are the prime factors of 86645444?
2, 97, 223313
What are the prime factors of 215095317?
3, 71698439
List the prime factors of 3517135702.
2, 23017, 76403
What are the prime factors of 399092220?
2, 3, 5, 83, 26713
List the prime factors of 35094042.
2, 3, 563, 3463
List the prime factors of 124567380.
2, 3, 5, 7, 109, 907
List the prime factors of 49035177.
3, 137, 39769
What are the prime factors of 5872892734?
2, 2936446367
What are the prime factors of 227836611?
3, 1327, 6359
What are the prime factors of 1040758657?
199, 5229943
What are the prime factors of 48017583?
3, 23, 77323
What are the prime factors of 228946499?
233, 982603
List the prime factors of 556246170.
2, 3, 5, 2060171
List the prime factors of 607795540.
2, 5, 11, 43, 47, 1367
List the prime factors of 49279578.
2, 3, 19, 432277
What are the prime factors of 2206021747?
23, 6971, 13759
List the prime factors of 3438887125.
5, 83, 461, 719
List the prime factors of 2834207309.
17, 1709, 97553
List the prime factors of 56106916.
2, 43, 326203
What are the prime factors of 58467992?
2, 11, 37, 17957
List the prime factors of 311098823.
7, 193, 230273
What are the prime factors of 3694533501?
3, 569, 1163, 1861
What are the prime factors of 1058010411?
3, 352670137
What are the prime factors of 7545968814?
2, 3, 149, 167, 50543
What are the prime factors of 4755038676?
2, 3, 23, 1223, 14087
What are the prime factors of 502145884?
2, 125536471
What are the prime factors of 29536508?
2, 23, 37, 8677
List the prime factors of 305224133.
305224133
What are the prime factors of 8564017?
7, 11, 10111
List the prime factors of 23777262.
2, 3, 23, 79, 727
What are the prime factors of 1234911541?
173, 7138217
List the prime factors of 729775474.
2, 191, 241, 7927
What are the prime factors of 31954039?
13, 2458003
List the prime factors of 20567321.
1117, 18413
What are the prime factors of 1027320479?
1027320479
List the prime factors of 5242328811.
3, 17, 29, 31, 38113
List the prime factors of 49810882.
2, 11, 47, 67, 719
What are the prime factors of 5894476917?
3, 7, 131, 2142667
What are the prime factors of 47290140?
2, 3, 5, 262723
List the prime factors of 7574618155.
5, 13, 1123, 103769
What are the prime factors of 763354923?
3, 6011, 42331
What are the prime factors of 131327890?
2, 5, 17, 772517
List the prime factors of 103506334.
2, 31, 503, 3319
What are the prime factors of 21916613?
53, 413521
List the prime factors of 4478641398.
2, 3, 7, 11, 17, 67, 2837
List the prime factors of 133266480.
2, 3, 5, 555277
List the prime factors of 32197636.
2, 419, 19211
What are the prime factors of 1083131353?
17, 29, 2197021
What are the prime factors of 3284525085?
3, 5, 5839, 37501
What are the prime factors of 3543557?
19, 421, 443
List the prime factors of 2155784090.
2, 5, 1409, 153001
List the prime factors of 375689185.
5, 19, 3954623
List the prime factors of 24407748.
2, 3, 199, 3407
List the prime factors of 38647722.
2, 3, 419, 15373
List the prime factors of 2291276823.
3, 11, 19, 3654349
What are the prime factors of 1249882?
2, 229, 2729
What are the prime factors of 71927122?
2, 19, 131, 14449
List the prime factors of 4457146.
2, 2228573
What are the prime factors of 37558154?
2, 18779077
What are the prime factors of 12204682?
2, 7, 871763
What are the prime factors of 338817031?
7, 47, 1029839
List the prime factors of 4346457.
3, 1448819
List the prime factors of 5906677518.
2, 3, 7, 23, 109, 271
What are the prime factors of 2352003003?
3, 7, 467, 79943
What are the prime factors of 1335091006?
2, 667545503
List the prime factors of 210174396.
2, 3, 359, 48787
List the prime factors of 390746941.
13, 383, 78479
List the prime factors of 112218724.
2, 127, 220903
List the prime factors of 14646477.
3, 31, 157489
What are the prime factors of 665415314?
2, 1289, 258113
List the prime factors of 412860796.
2, 103215199
List the prime factors of 557607330.
2, 3, 5, 7, 885091
What are the prime factors of 168355361?
168355361
List the prime factors of 60535770.
2, 3, 5, 23, 59, 1487
List the prime factors of 2428791359.
71, 991, 34519
List the prime factors of 210715517.
151, 1395467
List the prime factors of 424175637.
3, 23, 1187, 5179
What are the prime factors of 30245811?
3, 29, 199, 1747
What are the prime factors of 95540434?
2, 11, 1993, 2179
List the prime factors of 324927901.
324927901
What are the prime factors of 20575246?
2, 1951, 5273
What are the prime factors of 376054706?
2, 41, 971, 4723
What are the prime factors of 738865540?
2, 5, 7, 19, 89, 3121
What are the prime factors of 11744916?
2, 3, 978743
What are the prime factors of 1643712063?
3, 7, 617, 126859
List the prime factors of 2186601356.
2, 1373, 398143
What are the prime factors of 50947362?
2, 3, 967, 2927
List the prime factors of 4141393409.
17, 23, 103, 263
List the prime factors of 497280405.
3, 5, 617, 53731
List the prime factors of 217130511.
3, 13, 17, 23, 29, 491
What are the prime factors of 334339467?
3, 7, 11, 383, 3779
What are the prime factors of 64549343?
64549343
What are the prime factors of 867823419?
3, 23, 37, 311, 1093
List the prime factors of 5915127825.
3, 5, 29, 31, 29243
What are the prime factors of 123587186?
2, 359, 172127
List the prime factors of 3369772635.
3, 5, 7109, 31601
List the prime factors of 46622484.
2, 3, 1295069
List the prime factors of 1421451981.
3, 227, 241, 2887
What are the prime factors of 199314528?
2, 3, 7, 17, 73, 239
What are the prime factors of 214083072?
2, 3, 7, 6637
List the prime factors of 2126885735.
5, 13, 461, 70979
What are the prime factors of 687436108?
2, 171859027
What are the prime factors of 5534880?
2, 3, 5, 13, 887
What are the prime factors of 347198662?
2, 23, 71, 106307
What are the prime factors of 745777532?
2, 3019, 61757
List the prime factors of 21466078.
2, 10733039
What are the prime factors of 682545794?
2, 7, 43, 161971
List the prime factors of 261902285.
5, 52380457
List the prime factors of 802294020.
2, 3, 5, 11, 405199
List the prime factors of 9548937.
3, 1060993
List the prime factors of 199383418.
2, 13, 1483, 5171
List the prime factors of 13901988.
2, 3, 17, 68147
List the pr